{"id":8,"date":"2013-03-22T16:37:49","date_gmt":"2013-03-22T14:37:49","guid":{"rendered":"http:\/\/ostermeier.net\/ffw_obereulenbach\/?page_id=8"},"modified":"2019-05-27T07:29:42","modified_gmt":"2019-05-27T05:29:42","slug":"impressum","status":"publish","type":"page","link":"https:\/\/ostermeier.net\/ffw_obereulenbach\/?page_id=8","title":{"rendered":"Impressum"},"content":{"rendered":"<p>Freiwillige Feuerwehr Obereulenbach 1895 e.V.<br \/>\n93352 Rohr iNB.<br \/>\n1. Vorsitzender Manfred Schuster<br \/>\nmail(et)ff-obereulenbach.de<\/p>\n<p>F\u00fcr die Inhalte, Erstellung und Pflege sind Verantwortlich:<\/p>\n<p>H\u00f6slmeier Manfred (1. Kommandant)<br \/>\nhoemaki(ett)googlemail.com<\/p>\n<p>und<\/p>\n<p>Ostermeier Markus (Stellv. Kommandant &amp; 2. Vorstand)<br \/>\nmarkus(ett)ostermeier.net<\/p>\n<p>Die Freiwillige Feuerwehr Obereulenbach ist eine \u00d6ffentliche Einrichtung des Marktes Rohr.<\/p>\n<p>F\u00fcr die laufenden Kosten und den Unterhalt der Seiten werden keine kommunalen Finanzmittel (Steuergelder, Zusch\u00fcsse) aufgewendet. Die Pflege und Erstellung der Seiten erfolgt durch ehrenamtliche Arbeit und mit privaten Mitteln von Feuerwehrmitgliedern. Diese Seite verfolgt keinerlei kommerzielle Ziele, sondern dient nur der \u00f6ffentlichen Information \u00fcber die Freiwillige Feuerwehr Obereulenbach.<\/p>\n<p>Ein besonderer Dank, geht an alle, die an der Informationsbeschaffung mitgewirkt haben und noch mitwirken werden.<\/p>\n<p>Dazu geh\u00f6rt nat\u00fcrlich Obermeier Johann jun. der der Treiber f\u00fcr die Gr\u00fcndung von Obereulenbach.de war.<\/p>\n<p>Hervorzuheben als Informationsquelle ist hier die Festschrift (1995) erstellt von Hr. Johann Lankes.<br \/>\nDie Freiwillige Feuerwehr Obereulenbach, Obereulenbach den 11.03.2009<\/p>\n","protected":false},"excerpt":{"rendered":"<p>Freiwillige Feuerwehr Obereulenbach 1895 e.V. 93352 Rohr iNB. 1. Vorsitzender Manfred Schuster mail(et)ff-obereulenbach.de F\u00fcr die Inhalte, Erstellung und Pflege sind Verantwortlich: H\u00f6slmeier Manfred (1. Kommandant) hoemaki(ett)googlemail.com und Ostermeier Markus (Stellv. Kommandant &amp; 2. Vorstand) markus(ett)ostermeier.net Die Freiwillige Feuerwehr Obereulenbach ist &hellip; <a href=\"https:\/\/ostermeier.net\/ffw_obereulenbach\/?page_id=8\">Weiterlesen <span class=\"meta-nav\">&rarr;<\/span><\/a><\/p>\n","protected":false},"author":1,"featured_media":0,"parent":0,"menu_order":0,"comment_status":"closed","ping_status":"open","template":"","meta":{"footnotes":""},"class_list":["post-8","page","type-page","status-publish","hentry"],"_links":{"self":[{"href":"https:\/\/ostermeier.net\/ffw_obereulenbach\/index.php?rest_route=\/wp\/v2\/pages\/8","targetHints":{"allow":["GET"]}}],"collection":[{"href":"https:\/\/ostermeier.net\/ffw_obereulenbach\/index.php?rest_route=\/wp\/v2\/pages"}],"about":[{"href":"https:\/\/ostermeier.net\/ffw_obereulenbach\/index.php?rest_route=\/wp\/v2\/types\/page"}],"author":[{"embeddable":true,"href":"https:\/\/ostermeier.net\/ffw_obereulenbach\/index.php?rest_route=\/wp\/v2\/users\/1"}],"replies":[{"embeddable":true,"href":"https:\/\/ostermeier.net\/ffw_obereulenbach\/index.php?rest_route=%2Fwp%2Fv2%2Fcomments&post=8"}],"version-history":[{"count":5,"href":"https:\/\/ostermeier.net\/ffw_obereulenbach\/index.php?rest_route=\/wp\/v2\/pages\/8\/revisions"}],"predecessor-version":[{"id":1186,"href":"https:\/\/ostermeier.net\/ffw_obereulenbach\/index.php?rest_route=\/wp\/v2\/pages\/8\/revisions\/1186"}],"wp:attachment":[{"href":"https:\/\/ostermeier.net\/ffw_obereulenbach\/index.php?rest_route=%2Fwp%2Fv2%2Fmedia&parent=8"}],"curies":[{"name":"wp","href":"https:\/\/api.w.org\/{rel}","templated":true}]}}