{"id":43,"date":"2013-10-15T09:56:40","date_gmt":"2013-10-15T07:56:40","guid":{"rendered":"http:\/\/ostermeier.net\/ffw_obereulenbach\/?page_id=43"},"modified":"2014-03-07T12:37:06","modified_gmt":"2014-03-07T10:37:06","slug":"mitglieder-2","status":"publish","type":"page","link":"https:\/\/ostermeier.net\/ffw_obereulenbach\/?page_id=43","title":{"rendered":"Mitglieder"},"content":{"rendered":"<p><span style=\"font-size: xx-small;\"><span style=\"font-size: medium;\">Die Mitglieder sind die St\u00e4rke und der R\u00fcckhalt eines Vereins. <\/span><\/span><br \/>\n<span style=\"font-size: xx-small;\"><span style=\"font-size: medium;\">Darum sind wir stolz auf alle Mitglieder seit 1895 und auf alle zuk\u00fcnftigen Eimbecker Feuerwehrl&#8217;a.<\/span><\/span><\/p>\n<p>Wir haben insgesamt 75 Mitglieder. Davon sind 44 Mitglieder im aktiven Dienst.<\/p>\n<p>Diese setzten sich aus 35 Feuerwehrdienstleistenden und  9 Mitgliedern der Jugendgruppe zusammen.<\/p>\n<p>Die 44 Aktiven setzen sich au\u00dferdem aus 7 Feuerwehrfrauen und 37 Feuerwehrm\u00e4nnern zusammen.<\/p>\n","protected":false},"excerpt":{"rendered":"<p>Die Mitglieder sind die St\u00e4rke und der R\u00fcckhalt eines Vereins. Darum sind wir stolz auf alle Mitglieder seit 1895 und auf alle zuk\u00fcnftigen Eimbecker Feuerwehrl&#8217;a. Wir haben insgesamt 75 Mitglieder. Davon sind 44 Mitglieder im aktiven Dienst. Diese setzten sich &hellip; <a href=\"https:\/\/ostermeier.net\/ffw_obereulenbach\/?page_id=43\">Weiterlesen <span class=\"meta-nav\">&rarr;<\/span><\/a><\/p>\n","protected":false},"author":1,"featured_media":0,"parent":0,"menu_order":0,"comment_status":"closed","ping_status":"open","template":"","meta":{"footnotes":""},"class_list":["post-43","page","type-page","status-publish","hentry"],"_links":{"self":[{"href":"https:\/\/ostermeier.net\/ffw_obereulenbach\/index.php?rest_route=\/wp\/v2\/pages\/43","targetHints":{"allow":["GET"]}}],"collection":[{"href":"https:\/\/ostermeier.net\/ffw_obereulenbach\/index.php?rest_route=\/wp\/v2\/pages"}],"about":[{"href":"https:\/\/ostermeier.net\/ffw_obereulenbach\/index.php?rest_route=\/wp\/v2\/types\/page"}],"author":[{"embeddable":true,"href":"https:\/\/ostermeier.net\/ffw_obereulenbach\/index.php?rest_route=\/wp\/v2\/users\/1"}],"replies":[{"embeddable":true,"href":"https:\/\/ostermeier.net\/ffw_obereulenbach\/index.php?rest_route=%2Fwp%2Fv2%2Fcomments&post=43"}],"version-history":[{"count":1,"href":"https:\/\/ostermeier.net\/ffw_obereulenbach\/index.php?rest_route=\/wp\/v2\/pages\/43\/revisions"}],"predecessor-version":[{"id":44,"href":"https:\/\/ostermeier.net\/ffw_obereulenbach\/index.php?rest_route=\/wp\/v2\/pages\/43\/revisions\/44"}],"wp:attachment":[{"href":"https:\/\/ostermeier.net\/ffw_obereulenbach\/index.php?rest_route=%2Fwp%2Fv2%2Fmedia&parent=43"}],"curies":[{"name":"wp","href":"https:\/\/api.w.org\/{rel}","templated":true}]}}